
-1
(-10 + (14 - -14) - 28) + (12 - -1)
3
What is the value of (-7 - -4 - (1 - -8)) + -6?
-18
12 + -13 - ((12 - 5 - -10) + -12)
-6
10 - (-55 + 35 - (1 - 14))
17
What is 1 + -31 - (-317 - -290)?
-3
-33 - -19 - 13 - (0 - 0)
-27
What is (352 - 362) + (2 - -12)?
4
What is the value of -1 + (-3 - 25) - (17 + -7) - -9?
-30
What is the value of 9 + (10 - (-14 + 9)) + 0?
24
What is -8 + 23 + (10 - 25)?
0
What is the value of 14 - -1 - (-327 + 343)?
-1
Calculate -9 + (20 - 15) + 17.
13
What is (0 - -3) + (-7 + -3 - (-138 - -125))?
6
Evaluate 18 - (-11 + 26) - ((-14 - 3) + 3).
17
Evaluate (5 - -7) + -6 - -1 - 22.
-15
What is the value of 5 + 0 + -21 + 9 + 9 - -1?
3
Evaluate 9 + (8 - (-1 + 13)).
5
Evaluate (18 - 2) + (17 - 47 - -19).
5
5 + -1 + 2 + (56 + -55 - 8)
-1
Evaluate -6 - 0 - (-6 - 10) - (5 + -6).
11
27 + 3 + -31 + -24
-25
Calculate 0 + 9 + 10 + -22 - -37.
34
What is the value of (6 - (-3 + (9 - 4))) + -2 + -2?
0
What is -30 - (-19 + -23) - (-2 + -13)?
27
Calculate 0 - 14 - (-1216 - -1191).
11
What is the value of -8 - ((8 + -7 - 11) + 8)?
-6
What is 4 - (1 + -3 + 2) - 3?
1
Calculate (8 - 5) + -2 + -6 + 4.
-1
Calculate -1 - (14 + 8 + -35 - 10).
22
What is (-5 + -9 - 0) + 30 + 5?
21
Evaluate (-839 - -886) + (-26 - 2).
19
Evaluate -18 + 2 + -11 + (68 - 52).
-11
(10 - 4) + -16 - -2
-8
-15 + (-22 - (-15 + 3)) + 14
-11
What is 3 + (-16 - -1 - (-94 + 71))?
11
What is (11 - 1) + (-8 - (26 - 31))?
7
Evaluate -14 + 5 - -14 - (-3 + 16).
-8
What is -2 + 6 + 2 + 7?
13
Calculate 5 + (5 + -1 + 10 - 7).
12
0 - (0 + 3 - -16) - (-11 + 8)
-16
-31 + 40 + (4 - 0 - 15)
-2
What is 15 - (60 - 24) - 13?
-34
Calculate -8 + -23 + 11 + 5.
-15
Evaluate (2 - 7 - (-7 - (17 - 11))) + 18.
26
What is the value of (-6 - -11) + 5 + -31?
-21
What is the value of -11 + (11 - 14 - -10)?
-4
Evaluate 0 + -2 + (16 + -72 - -39).
-19
What is the value of 47 + -1 - (-943 - -980)?
9
Calculate 1 + 3 - (-11 + 4 - -15).
-4
What is the value of 7 + (12 - -3 - 18) + -21?
-17
What is the value of -1 - (23 + -13) - 19?
-30
Evaluate -5 - (-4 - -1) - (0 + 9).
-11
Evaluate -5 + 14 + 1 + 42 + -50 + 30.
32
3 + -18 - (-12 + 3)
-6
What is the value of -23 - (-4 - (3 - (6 + 1)) - 6)?
-17
11 + -6 + 7 + 0
12
-23 - (-12 + -27 - 12)
28
(0 - 13) + 66 + -63
-10
What is -36 + 9 + 19 + -21?
-29
Calculate 47 - (12 - (-7 + 10) - (41 + -42)).
37
-43 + (-17 - (6 + -8)) + 25
-33
Calculate 13 - (34 - 18) - (-3 + -10).
10
Calculate (-13 - -4 - 0) + (0 - -6).
-3
What is the value of -1 + 4 + (96 - 93)?
6
What is the value of 8 + -4 + 3 + 1 + -2?
6
-6 - (3 - -7 - 16)
0
Evaluate 3 + 4 + -3 + 0 + -9 + 1.
-4
Calculate (-2 - 2 - 1) + -3 + 3 + 24.
19
(13 + -2 - (5 - -34)) + 17
-11
77 + -74 + (1 - (5 + -2)) - 1
0
Calculate 2 + (-5 - (-18 + 30)).
-15
What is (-6 - -5) + -45 + 40?
-6
Evaluate 11 - 0 - (33 + -29).
7
Calculate 0 + (-2 + 17 - (-33 - -43)).
5
What is the value of (-26 - (-4 + 8)) + 31?
1
What is -5 - (5 - 1 - (1 + 6 - -5))?
3
(-3 - 0) + 0 + (-55 - -51) - 6
-13
What is -8 + 5 + (-2 - 0) + 7 + -2?
0
Calculate 21 + -20 + -14 + 21.
8
Calculate (14 - -1) + (7 - 20).
2
What is the value of -8 - (-37 + 28 + -5)?
6
107 + -84 + -22 + -7
-6
What is the value of -19 + 9 + 18 - (27 - 0)?
-19
-66 - (35 + -79 - -4)
-26
What is -115 + 107 + (-1 - (1 - 5))?
-5
-31 - (3 - 29) - 10
-15
Calculate 170 - 173 - (0 + 4).
-7
Evaluate -20 + (-6 - (-7 + 0)) + -9.
-28
Calculate -6 - (4 - 7 - -3).
-6
What is 4 + -20 + 11 + -8 + -4?
-17
What is the value of -1 + (-3 - (4 + (6 - 9 - 4)))?
-1
Evaluate 4 + 4 + (-42 - -28).
-6
Evaluate (3 - (5 + 5)) + 39.
32
What is -7 - (17 + (6 - 9))?
-21
Calculate 2 - 1 - (-4 + 0) - (86 - 79).
-2
(-1 - -2) + (3 - -3 - (15 + -21))
13
Calculate 16 + -1 + -16 + 2.
1
Evaluate 0 + -5 + 0 + 20 + (-66 - -23).
-28
What is -7 - ((73 - 74) + 1 + -3)?
-4
What is 22 - (4 - -12) - 12?
-6
What is the value of (-17 - (11 + -10 + 3)) + 4?
-17
What is the value of 1 - ((12 - (7 + 8)) + (-3 - -3))?
4
What is the value of (18 - 16) + 11 + -24?
-11
What is the value of 3 + 2 + 0 + -6 - (2 - 0)?
-3
What is the value of 0 - 0 - 2 - (-2312 + 2330)?
-20
What is -8 + (-6 + 9 - 2) - (-9 + 9)?
-7
-12 + (12 - 7) + 16
9
Evaluate (-34 - -17) + (0 - -21) + 5.
9
Evaluate -10 - (-15 + 6 - 1).
0
-7 - -34 - (46 - 16)
-3
What is 18 - (-6 + (6 + 2 - -6))?
10
What is (-49 - (24 - 45) - -32) + 0 + 18?
22
What is (5 - 34) + 4 + 20?
-5
What is the value of -3 - (6 + -9) - 12?
-12
Calculate (2 - 6) + (-51 - -65).
10
43 - (12 + 1 + 15)
15
What is the value of -2 + -5 + -2 + (41 - 32)?
0
-4 - (-8 - -2) - 14
-12
(35 - 33) + (1 - -1)
4
What is the value of (0 - -9) + 3 + -11?
1
Evaluate -6 + 15 + (11 - 1) + -8 + 1.
12
Evaluate -15 + (-24 + 90 - 32).
19
Calculate (-6 - (1 - (-4 - 0))) + 9.
-2
48 - 2 - (39 - 14)
21
What is (-19 - -56) + -32 + -1 + -1?
3
Calculate -4 + (18 - (15 - 9) - 2) + 7.
13
What is the value of (5 - (37 - 16)) + 34?
18
Calculate 22 - (28 - 2) - (0 - -13).
-17
What is the value of -21 + (18 - -7 - -9)?
13
What is -33 + 65 + (-23 - -19)?
28
-18 - -2 - (-69 - -59)
-6
Calculate (-30 - (-12 + -3)) + 15.
0
Evaluate -13 + 24 + (-4 - 6) + -11.
-10
Evaluate 19 + -12 + -42 + (-1 + 8 - 2).
-30
(-1 - 10) + (13 - -6)
8
What is 0 + 2 - -3 - (81 + -92)?
16
What is the value of -1 + 1 + -9 + 16 - (-1 + 20)?
-12
What is the value of -19 + -2 + (10 - -13)?
2
What is the value of 13 + -35 + 32 + -14 + 0?
-4
What is -2 + 1 - (55 - 39) - (13 + -3)?
-27
Calculate -8 + 4 + (-11 - -23).
8
Calculate (2 - 1) + (52 - 52 - (-4 - -1)).
4
(-3 - -9) + -46 + (-8 + 0 - -16)
-32
Calculate -1 - (32 + -31 + (1 - 3)).
0
What is the value of -16 - (-1 + -14 + -15)?
14
Evaluate (4 - 6 - (2 + 0 - 1)) + -7.
-10
Evaluate 2 - -11 - (-117 + 128).
2
Evaluate 11 + -29 + (-18 - -35).
-1
What is the value of 1 - -6 - (25 - 8)?
-10
Evaluate (11 + (-2 - 25) - -12) + 15.
11
What is 4 - (-7 + -8 - -43)?
-24
What is the value of -29 + (70 - (0 + 24))?
17
Evaluate (107 - 124) + (1 - -5).
-11
Calculate -11 + 2 + 2 + 27 + -19.
1
Evaluate 5 + 11 - (32 + -13).
-3
What is the value of (24 - 28) + -18 + (-6 - -9)?
-19
-1 + -7 + (-5 + 6 - -1)
-6
What is 28 + 1 - ((-4 + 22 - 26) + 10)?
27
What is 20 + -26 + (-1 - (1 - 0))?
-8
What is (-17 - -1) + 4 - -24?
12
Evaluate (-2 + -5 - 0) + (-13 - -23).
3
Calculate -4 + (0 + (-4 - 2) - -10).
0
What is the value of -18 - (-4 + (9 + 10 - 13))?
-20
(17 - 7) + -1 + -5 - -2
6
-13 + (21 - (6 + 9)) - -9
2
Calculate -12 + 8 + -3 + 10 + 5.
8
Calculate (68 + -53 - -8) + (-5 - -1).
19
What is the value of 6 - (-8 - -3 - (-16 - -20))?
15
(0 - -2 - 13 - (1003 + -1005)) + -11
-20
-1 - (-14 - (10 + -18))
5
What is the value of 16 - (-10 + 38 + -11 - 21)?
20
What is the value of 14 + -16 + 6 + -12?
-8
What is (4 - 13 - 3) + 25 - (0 + 1)?
12
Evaluate -2 + 1 - (-123 - -130).
-8
Calculate -2 - (-2 - 25) - (-38 + 56 + -17).
24
What is 0 + -6 + 6 + (-15 - -9)?
-6
What is the value of -1 - 8 - (-2259 + 2278)?
-28
What is 5 - (-14 + (25 - 18) + 16)?
-4
Evaluate 11 - (4 + 5) - (-4 - -6).
0
9 + -7 + -8 + -1
-7
What is 55 - (10 + (-28 - -56))?
17
What is the value of (-249 - -232) + (-1 - -24)?
6
What is -3 - -21 - (-39 + 42)?
15
Evaluate 26 - (10 + -2 + 129 + -132).
21
-16 + (6 - 1) + (1 - 9)
-19
Evaluate -11 + 2 + -15 + 72 + -64.
-16
What is 4 + (-15 - (-12 + 1)) - -10?
10
Calculate 52 + -61 - (-2 + -13).
6
Calculate 7 + (-5 - (-29 - -13)) + -3 + -6.
9
6 + -1 + (-63 - -64) + 1
7
-3 + (-1 - (-9 - -4)) + -6 + 3
-2
-9 + 7 + 14 + -2 + 0 + -4
6
9 - (-3 + 8) - (-10 + 7)
7
32 + 2 - (-50 + 56 - (3 + -2))
29
What is the value of -1 - ((3 - (-9 + 19)) + 9)?
-3
-8 + 2 + 12 + 1 - (21 - 8)
-6
What is (-7 - -11) + -1 + 3 + (-9 - 8)?
-11
Evaluate -2 - (-4 - (-7 + (7 + 3 - 5))).
0
Evaluate 287 + -263 - (17 + -1).
8
What is -12 - 1 - (80 - 45 - (2 + 26))?
-20
What is the value of (-37 - -50) + (1 - 8) - 15?
-9
Evaluate 10 + -6 - (-1 + 7 + -14).
12
Calculate -2 - 0 - (-23 - (-10 + -14)).
-3
What is the value of 1 - (1 + 2) - ((-100 - -67) + 18)?
13
(-14 - (-22 - -10)) + 6 + 2
6
Calculate (0 - -9) + -1 + -6 + 3 + 8.
13
What is 23 - (6 - 3) - 16?
4
Evaluate (2 - -4) + 3 + (-18 - -47) + -14.
24
Calculate 6 + 4 + -29 + -9 + 8.
-20
Evaluate 1 - 11 - (-17 + 0 + (-83 - -86)).
4
(-4 - (-7 - (-3 + -2))) + -100 + 89
-13
-10 + 47 - (26 - 9)
20
What is the value of -4 + (-19 - (14 + -12))?
-25
What is the